6.
-203a3
Convert 96070 (base 11) to base 8.
421070
Convert 10000111001001000000111 (base 2) to base 9.
8288427
-17203 (base 10) to base 11
-11a1a
-1662554 (base 9) to base 15
-134a0d
What is 101022122021 (base 3) in base 14?
54052
-310e (base 16) to base 14
-4810
21130422 (base 6) to base 7
5153525
What is 44eb9 (base 15) in base 2?
110101100010111100
133122223103 (base 4) to base 2
11111011010101011010011
Convert 3816602 (base 9) to base 5.
1013000023
What is 3274541 (base 10) in base 11?
1937236
What is 120011022 (base 3) in base 6?
123055
Convert 43a1a (base 11) to base 12.
30ab8
-299b66 (base 15) to base 3
-10202222112020
Convert db72 (base 15) to base 10.
46457
32201103 (base 5) to base 15
55903
What is -27214425 (base 8) in base 7?
-102600646
What is 1695b5 (base 13) in base 5?
121012200
Convert -5204413 (base 7) to base 13.
-18a9c9
What is -368575 (base 10) in base 11?
-231a09
-158 (base 11) to base 16
-b8
147247 (base 8) to base 10
52903
What is 215247 (base 12) in base 15?
a63dd
Convert -5660502 (base 7) to base 16.
-abcfc
Convert 210241221 (base 6) to base 15.
4c478a
-104123112 (base 5) to base 9
-767115
11020112020 (base 3) to base 15
19b10
Convert 1b5542 (base 13) to base 12.
297684
118d0d (base 14) to base 6
20513133
Convert 1344914 (base 10) to base 2.
101001000010110010010
12b131 (base 12) to base 14
80b09
What is 110000100110010101 (base 2) in base 9?
333048
Convert dad24 (base 16) to base 4.
3122310210
What is 15b6049 (base 15) in base 9?
32587076
Convert 1023030123 (base 4) to base 10.
307995
What is 1201101212001 (base 3) in base 15?
13093a
1011000011111101010010 (base 2) to base 9
5408683
-33135 (base 9) to base 4
-11113133
Convert 3102223323 (base 4) to base 6.
30255123
Convert 1bca14 (base 15) to base 16.
14bcab
20120000021021 (base 3) to base 2
1101010010100110110111
What is -21122 (base 10) in base 7?
-115403
Convert 196763 (base 10) to base 9.
328815
Convert -10110001101101001 (base 2) to base 7.
-526156
Convert -1001101111001010111111 (base 2) to base 10.
-2552511
What is -363334 (base 7) in base 13?
-24091
-18961 (base 11) to base 16
-674d
What is -187080 (base 10) in base 15?
-3a670
-b1b643 (base 16) to base 8
-54333103
-20010112200 (base 3) to base 12
-59a09
-1305834 (base 13) to base 8
-26553054
What is -304682 (base 10) in base 5?
-34222212
2120211221110 (base 3) to base 4
11033222010
Convert -b849 (base 15) to base 8.
-114122
54452 (base 10) to base 13
1ba28
Convert 21111100002 (base 3) to base 14.
3ba7d
What is -43471306 (base 8) in base 3?
-122120021220001
What is -4420004141 (base 5) in base 14?
-13a1988
What is -11ac44 (base 15) in base 16?
-ceab2
What is 1ba3d (base 15) in base 8?
257712
What is 594591 (base 11) in base 10?
943053
2400713 (base 8) to base 6
22020111
What is -92603 (base 12) in base 5?
-22102242
What is -1321110000 (base 4) in base 6?
-14352240
Convert -400202553 (base 6) to base 9.
-13604186
What is -1440a8 (base 14) in base 9?
-1280720
What is 8584485 (base 9) in base 2?
10001100011101011010010
Convert -275429 (base 14) to base 7.
-14360252
What is -1410252 (base 6) in base 5?
-10013120
Convert -c19740 (base 13) to base 4.
-101023313331
-2252444 (base 9) to base 8
-4506167
Convert 1110111001111101010 (base 2) to base 9.
823885
What is 95382 (base 10) in base 14?
26a90
What is 9664 (base 12) in base 9?
24554
Convert 100110100011011000 (base 2) to base 10.
157912
-23250410 (base 6) to base 16
-b0466
298558 (base 13) to base 12
411241
2d0831 (base 14) to base 16
180edb
2d912 (base 15) to base 16
23edf
11245004 (base 7) to base 14
1b953b
Convert 256324 (base 12) to base 15.
c15b7
Convert 27a61 (base 12) to base 3.
2210120001
Convert 1464052 (base 8) to base 11.
267511
Convert -2406873 (base 9) to base 15.
-1ab646
What is -474a7 (base 12) in base 6?
-2015131
Convert -110478 (base 12) to base 7.
-2203601
-214407 (base 8) to base 6
-1313023
What is 61383 (base 10) in base 6?
1152103
-20995 (base 15) to base 8
-311767
What is 222982a (base 12) in base 10?
6527842
Convert b32ad (base 15) to base 14.
10abdb
What is -31c46 (base 13) in base 12?
-44092
-959775 (base 11) to base 9
-2800361
Convert -511016 (base 9) to base 4.
-1021313112
Convert -40a35a (base 14) to base 5.
-1024220104
-3a7a1 (base 11) to base 7
-331440
Convert 135211534 (base 7) to base 5.
4232012203
Convert 10100100010001111 (base 2) to base 14.
2291d
22321312 (base 6) to base 12
289238
87c73 (base 15) to base 4
1221111021
What is -1011101001101001111110 (base 2) in base 16?
-2e9a7e
-23303212020 (base 4) to base 13
-84491a
-1952a3 (base 12) to base 9
-746666
What is -1410323423 (base 5) in base 16?
-37017f
11100011101111010 (base 2) to base 5
12212402
Convert 132642 (base 9) to base 7.
454214
Convert -25212627 (base 8) to base 15.
-752292
What is -3880871 (base 9) in base 3?
-10222200222101
16666442 (base 7) to base 8
6220571
Convert -12f50f (base 16) to base 7.
-13363052
What is -62669 (base 12) in base 4?
-133130301
What is -23222444 (base 7) in base 6?
-111413255
Convert -3314112 (base 5) to base 2.
-1110000000111111
What is 2331445 (base 9) in base 5?
310321211
What is -532b23 (base 16) in base 5?
-2343404111
-32c90 (base 16) to base 11
-132316
2005 (base 14) to base 9
7473
777526 (base 8) to base 13
9231b
Convert -24d7b (base 15) to base 11.
-80553
What is -1878b28 (base 13) in base 5?
-4023012144
-4715515 (base 9) to base 7
-30446423
1401234414 (base 5) to base 7
42042440
What is -279093 (base 14) in base 16?
-14e529
1d97d (base 15) to base 2
10111100110000011
Convert 11012111201010 (base 3) to base 14.
4222ba
-41469b (base 12) to base 5
-230231314
-200000101 (base 3) to base 12
-7724
123752 (base 8) to base 12
20a62
What is -710ab2 (base 12) in base 11?
-aa5469
Convert 443300 (base 7) to base 3.
10222000012
-7651407 (base 8) to base 2
-111110101001100000111
What is -4390182 (base 10) in base 16?
-42fd26
What is 21e8c1 (base 15) in base 11?
a060a0
-54b1d4 (base 15) to base 3
-21121002121201
Convert 210001102212 (base 3) to base 13.
116804
-100405423 (base 6) to base 11
-a6a247
What is 1043660 (base 9) in base 10?
560412
-175368 (base 10) to base 2
-101010110100001000
Convert -2013132313 (base 4) to base 9.
-1035204
What is -1c60ca (base 13) in base 3?
-1100221202202
Convert -2b1ca5 (base 14) to base 3.
-2211101100220
69a9d5 (base 15) to base 9
10443312
-203601 (base 10) to base 15
-404d6
-221ac6c (base 13) to base 12
-35ba959
Convert 1066170 (base 8) to base 11.
1888a7
What is 303451556 (base 7) in base 10?
17727212
Convert -65355 (base 9) to base 5.
-2341204
-12402311 (base 5) to base 11
-838a7
What is -2423315 (base 7) in base 15?
-6162b
Convert -1111101111011100100001 (base 2) to base 15.
-5679ec
16b8b (base 16) to base 6
1554511
-10110001100110001 (base 2) to base 4
-112030301
1035972 (base 10) to base 5
231122342
What is 582111 (base 10) in base 14?
1121d5
143130 (base 6) to base 10
13662
-3aa6ba5 (base 12) to base 9
-23850308
Convert 1550550 (base 6) to base 7.
532611
-105e3b (base 15) to base 13
-213a22
What is -111302313311 (base 4) in base 2?
-10101110010110111110101
Convert -12057741 (base 10) to base 3.
-211200121010000
Convert -b17ed (base 16) to base 13.
-1c5bb9
100100001101001110 (base 2) to base 15
2de1c
What is 1b217 (base 13) in base 5?
3144321
What is -4534243 (base 8) in base 6?
-42144055
11010101101010101 (base 2) to base 12
53385
What is -27c5a (base 14) in base 16?
-180a8
Convert -101010111110101101 (base 2) to base 10.
-176045
What is 738127 (base 11) in base 4?
10200211332
Convert -10343144 (base 6) to base 14.
-8094c
What is -102320301 (base 4) in base 10?
-77361
1117153 (base 10) to base 11
6a3374
Convert 41503256 (base 7) to base 2.
1101010101110001000000
What is -1a236a (base 13) in base 12?
-27b058
1c52bc (base 14) to base 16
f7566
What is -161871 (base 9) in base 14?
-28568
What is 544160 (base 11) in base 7?
10250330
-846c (base 13) to base 16
-47a6
13013002 (base 5) to base 15
27502
What is 120211102201 (base 3) in base 14?
817b1
What is 2c5209 (base 14) in base 6?
53123241
What is -25417 (base 10) in base 8?
-61511
2483228 (base 9) to base 10
1353941
-3221040 (base 5) to base 2
-1101010011111000
What is -146306 (base 9) in base 5?
-10334131
Convert 110102002102 (base 3) to base 8.
735070
Wh